erivative of -7*f**5/20 + f**4/6 + f**3/3 + f**2/2 - f. List the prime factors of q(z).
2
Let d(a) = -3*a**2 - 3*a - 5. Let o(u) = -2*u**2 - 3*u - 5. Let y(s) = -4*d(s) + 5*o(s). List the prime factors of y(4).
3, 5
Suppose -r + 4 = 1. What are the prime factors of (-2 + r)/(3/57)?
19
List the prime factors of (-4)/16 + 807/12.
67
Let w = -80 - -167. What are the prime factors of w?
3, 29
What are the prime factors of 165/9 - (-12)/(-9)?
17
Suppose -f + 2*f = 3. Suppose -k - 2*r + 16 = -13, 33 = k + f*r. What are the prime factors of k?
3, 7
Let g = -655 - -1022. List the prime factors of g.
367
Let y be (-3)/(-3)*1 + 10. Let b(c) = c + 9. What are the prime factors of b(y)?
2, 5
Let k = 5 + -2. Let s = k - 10. Let g = s - -11. List the prime factors of g.
2
Let y(n) = -n. Let b(m) = -4*m - 3. Let l(i) = 2*b(i) - 10*y(i). List the prime factors of l(4).
2
Let f = -148 - -307. What are the prime factors of f?
3, 53
Let g = 196 + -132. Let b = g - 29. List the prime factors of b.
5, 7
List the prime factors of (-56)/21*3/(-4).
2
Let q = 11 + 42. List the prime factors of q.
53
Suppose 2*x - 13 = 4*r - 5*r, 0 = 4*r + 5*x - 43. Suppose -7 = 6*j - r*j. Suppose 5*f = -3*v + j, 4*f = -0*v + 3*v - 16. List the prime factors of v.
2
Let r = -96 + 294. What are the prime factors of r?
2, 3, 11
Let v(m) = -4*m - 10. Let s(t) = -3*t - 10. Let a(k) = -5*s(k) + 4*v(k). Let c = -7 - -14. List the prime factors of a(c).
3
Let b = -5 + 9. Suppose 11 = d + b*l - 16, 0 = -2*d + 2*l + 14. Let g = 23 - d. List the prime factors of g.
2, 3
Suppose -10 = -4*j - t, 4*t = -5*j + 2*t + 11. What are the prime factors of (-3)/j*-5 - 3?
2
Let n = 80 - -78. What are the prime factors of n?
2, 79
Let x(v) = -v**2 + 34. Let o be x(0). Suppose -h + o = h. What are the prime factors of h?
17
Suppose -12 = 4*o + 48. Let y = o + 33. What are the prime factors of y?
2, 3
Suppose 5*b - 1709 - 181 = 0. What are the prime factors of b?
2, 3, 7
Suppose 2*f - 10 = -2. Suppose l + l = -4*r + 162, 3*l + 2*r - 227 = 0. Suppose f*a = -1 + l. List the prime factors of a.
2, 3
Suppose -2*x + 184 = 124. List the prime factors of x.
2, 3, 5
Suppose 5*k = -5*l + 2*k + 113, 3*l - 3*k - 63 = 0. What are the prime factors of l?
2, 11
List the prime factors of (-4 + 5)*2*7.
2, 7
Let j(z) = -5 - 2*z**2 + 4*z**2 - z**2 + 2*z. List the prime factors of j(3).
2, 5
Let q(s) = -s**3 - 7*s**2 - 8*s - 7. Let l be q(-6). Suppose 2*y + y = 4*u - 69, 4*u - l*y = 75. What are the prime factors of u?
3, 5
Suppose -5*m - 3*w + 272 = 0, w + 164 = 3*m + 3*w. What are the prime factors of m?
2, 13
Let k = -34 + 14. What are the prime factors of (16/k)/((-4)/50)?
2, 5
Let x = 62 + -22. Suppose 2*n + 2*n - x = -4*d, 3*n + 5*d - 30 = 0. Suppose -5*v + n = -25. What are the prime factors of v?
7
Suppose 2*v = -8 + 54. Suppose m = -0*m + v. What are the prime factors of m?
23
Suppose -2*d = 5*w - 28, 2*w - 28 = -2*w + 4*d. Let c(y) = y**2 - 4*y + 1. List the prime factors of c(w).
13
Suppose 36 = 4*w + 2*z, 0 = 4*w - 0*z + 4*z - 36. Let x(v) = v + 5. List the prime factors of x(w).
2, 7
Suppose 2*j = d - 5, -2*d = -0*d + 5*j - 37. List the prime factors of d.
11
Let k be 4 - 3 - -4 - 2. Suppose 2*a + k*g = 22, a + 3*a - 24 = 4*g. List the prime factors of a.
2
List the prime factors of 3/(-21) + 26114/77.
3, 113
Let m(y) = -4*y**3 - y**2 + 1. Let p be m(-1). Suppose 0 = -2*v + 5*h, 3 = -v + p*h - 0. List the prime factors of v.
5
Suppose -2*p + 3*r = -59, 0 = -3*p + 6*p - 2*r - 76. Suppose -2*d + 0*d = -p. List the prime factors of d.
11
Let s = -2 + 0. Let b(o) = -o**2 - o - 2. Let j be b(s). List the prime factors of j/(-4) - (-3 + 0).
2
Let g = 62 + -143. Let k = g + 43. Let v = 53 + k. List the prime factors of v.
3, 5
Let q = 101 + 75. List the prime factors of q.
2, 11
Suppose 129 = 3*c + 3*q, 0 = 3*c + 4*q - 19 - 113. List the prime factors of c.
2, 5
Suppose 0 = -3*f + 19 + 5. Suppose -x = x - f. What are the prime factors of x?
2
Let v = 18 + -25. Suppose 4 - 45 = -3*h + c, -5*h - c = -55. Let o = v + h. What are the prime factors of o?
5
Let f be (-8)/(-5) - 8/(-20). Let i(j) = -j**3 - 5*j**2 - 6*j. Let s be i(-3). Suppose s = -f*c - 0 + 8. What are the prime factors of c?
2
Suppose 0 = -v + 35. List the prime factors of v.
5, 7
Suppose -3*u + 17 = -5*t, 3 = u + 4*t - 14. Let o be (-6)/u + 28/(-3). Let r = o - -14. List the prime factors of r.
2
Let z = 30 + -28. List the prime factors of 10 + -1 - (0 + z).
7
Let y(o) = o**2 - 2*o + 44. What are the prime factors of y(0)?
2, 11
Suppose -j - 3*j + 140 = 0. List the prime factors of j.
5, 7
Suppose 3*t + 2*t + m - 11 = 0, 7 = 3*t + m. Suppose -t*p + 6*p - 288 = 0. Suppose 5*a - p = -7. List the prime factors of a.
13
Let y(d) = d**2 - 16*d + 12. Let w be y(15). What are the prime factors of 1/w - 402/(-18)?
2, 11
Let a(q) = 4*q**3 - 1. Let x be a(1). Suppose x*i - 112 = 2*p, 2*i + 5*p = p + 48. List the prime factors of i.
2, 17
Suppose -54 = -6*o + 3*o. Suppose -2*y = -o - 4. What are the prime factors of y?
11
Suppose -3*o + 5 + 7 = 0. What are the prime factors of o?
2
List the prime factors of -8*(-5)/(-6)*(-9)/2.
2, 3, 5
Suppose 3*q = -0*q + 156. Suppose -j = -5*j + q. What are the prime factors of j?
13
Let o be (-11)/(-3) - (-8)/(-12). Suppose -3*h + 3*z = -15, -6*z + 4*z - 14 = -o*h. List the prime factors of h.
2
Let p = 64 - -83. Suppose 0 = 4*d + 5*k - p, 0 = 5*d - k - 94 - 126. List the prime factors of d.
43
Let h be 4/(-18) - 2744/(-36). Suppose -4*j + 10 = j, -5*t - 3*j = -h. What are the prime factors of t?
2, 7
Suppose -4 = 4*d - 28. Let p(u) = -5*u - 6. Let g(b) = 11*b + 13. Let c(s) = -4*g(s) - 9*p(s). List the prime factors of c(d).
2
Suppose 5*y = -4*w + 301 + 548, -5*w + 1050 = 4*y. List the prime factors of w.
2, 103
Let q(s) = -4*s - 5. What are the prime factors of q(-9)?
31
Suppose 0 = -3*c + 40 + 29. List the prime factors of c.
23
Let n(g) be the second derivative of g**5/20 - g**4/6 - g**3/6 + g**2/2 - 2*g. Let x be n(2). Let d(k) = -9*k**3 - k - 1. What are the prime factors of d(x)?
3
Let m = -62 + 95. List the prime factors of m.
3, 11
List the prime factors of (-5)/(-2)*(22 + 0).
5, 11
Let z be -2 + 1 + 28 + 3. Suppose 7 = -2*l - 1, 0 = 2*j - 4*l - z. What are the prime factors of j?
7
Suppose -t = 2*k - 105, 2*t = -0*t + 5*k + 183. What are the prime factors of t?
3, 11
Let f(r) = 9*r + 19. List the prime factors of f(7).
2, 41
Suppose 0 = -3*y + 2*y - 11. Let n = 5 + y. Let j = n + 16. List the prime factors of j.
2, 5
Suppose x = 4*o - 26, 2*o - 26 = -o + 4*x. List the prime factors of 2*(-20)/o*-6.
2, 5
Let j be ((-34)/(-3))/(16/24). Suppose -180 = -j*z + 12*z. List the prime factors of z.
2, 3
Let q be 2 - -1*2/1. Suppose -2*c - 5*t = -20, 3*c - 12 = -4*t + q. Suppose c*x - 1 = x, -2*v = x - 15. List the prime factors of v.
2
Let k = 389 + -200. What are the prime factors of k?
3, 7
Suppose 7*a - 4*a = 3*d - 435, -4*d = -a - 580. What are the prime factors of d?
5, 29
Suppose 91 = 5*y + 3*f - 24, 5*y = 5*f + 115. What are the prime factors of y?
23
Let c be (-2)/7 + (-447)/(-21). What are the prime factors of 2/(-2) - (3 - c)?
17
Let k = 29 - 19. List the prime factors of k.
2, 5
Let a(r) = 3*r**2 + 3*r + 8. Let t(b) = 5*b**2 + 5*b + 15. Let d(z) = 7*a(z) - 4*t(z). What are the prime factors of d(-4)?
2
Let b(r) = -r**3 - 12*r**2 - 13*r - 6. What are the prime factors of b(-11)?
2
Let l = 10 - 3. Let i = 8 + l. What are the prime factors of i?
3, 5
What are the prime factors of (10 - 1)/(-2 + 3)?
3
Suppose -4*s + 3*s - 5*j - 15 = 0, 4*s - 2*j = 28. Suppose 0 = -b - 3*k + 8, -4*b + 4*k + 53 = s. Let f = -8 + b. List the prime factors of f.
3
Let r(b) = 2*b**3 - 4*b**2 + 3*b + 2. Let f be r(3). Let t = -7 + f. List the prime factors of t.
2, 11
Suppose l + 11 = -7. Let p = -7 - -3. List the prime factors of (2/3)/(p/l).
3
Let g(v) = v**3 - 13*v**2 + v - 9. What are the prime factors of g(13)?
2
Let d(b) = -b**3 + 15*b**2 - 17*b + 27. What are the prime factors of d(13)?
2, 3
Let g be 14*(0 + 0 + 1). Let x = g + 8. What are the prime factors of x?
2, 11
Let c(y) = -y**2 + y + 1. Let r(t) = -6*t**2 + 16*t. Let z(k) = -5*c(k) + r(k). Let v be z(4). Let o = v - 14. What are the prime factors of o?
3
Let x(l) = -2*l. Let z be